{"id":126,"date":"2018-04-23T18:57:51","date_gmt":"2018-04-23T17:57:51","guid":{"rendered":"http:\/\/netstories.de\/hello-world\/hello-world\/?page_id=126"},"modified":"2020-02-15T11:05:03","modified_gmt":"2020-02-15T10:05:03","slug":"ausruestung","status":"publish","type":"page","link":"https:\/\/netstories.de\/Ostsee-Radtour-2018\/ausruestung\/","title":{"rendered":"Ausr\u00fcstung f\u00fcr unsere Radreise um die Ostsee 2018"},"content":{"rendered":"<p>Die R\u00e4der<\/p>\n<table class=\" alignleft\" style=\"width: 594px; border-color: #edf2f1; height: 32px;\">\n<tbody>\n<tr>\n<td style=\"width: 288px; border-color: #fffff5; text-align: left;\">&nbsp;Mein Rose Bike<\/td>\n<td style=\"width: 290px; border-color: #ffffff; text-align: left;\">&nbsp;Andrea&#8217;s VSF T900<\/td>\n<\/tr>\n<\/tbody>\n<\/table>\n<p><img loading=\"lazy\" decoding=\"async\" class=\"alignnone size-medium wp-image-188\" src=\"http:\/\/netstories.de\/wp-content\/uploads\/2018\/04\/RoseBike-300x225.jpg\" alt=\"\" width=\"300\" height=\"225\" srcset=\"https:\/\/netstories.de\/wp-content\/uploads\/2018\/04\/RoseBike-300x225.jpg 300w, https:\/\/netstories.de\/wp-content\/uploads\/2018\/04\/RoseBike-768x576.jpg 768w, https:\/\/netstories.de\/wp-content\/uploads\/2018\/04\/RoseBike-1024x768.jpg 1024w, https:\/\/netstories.de\/wp-content\/uploads\/2018\/04\/RoseBike-830x623.jpg 830w, https:\/\/netstories.de\/wp-content\/uploads\/2018\/04\/RoseBike-230x173.jpg 230w, https:\/\/netstories.de\/wp-content\/uploads\/2018\/04\/RoseBike-350x263.jpg 350w, https:\/\/netstories.de\/wp-content\/uploads\/2018\/04\/RoseBike-480x360.jpg 480w, https:\/\/netstories.de\/wp-content\/uploads\/2018\/04\/RoseBike.jpg 1225w\" sizes=\"(max-width: 300px) 100vw, 300px\" \/><img loading=\"lazy\" decoding=\"async\" class=\"alignnone size-medium wp-image-193\" src=\"http:\/\/netstories.de\/wp-content\/uploads\/2018\/04\/VFS_T900-300x225.jpg\" alt=\"\" width=\"300\" height=\"225\" srcset=\"https:\/\/netstories.de\/wp-content\/uploads\/2018\/04\/VFS_T900-300x225.jpg 300w, https:\/\/netstories.de\/wp-content\/uploads\/2018\/04\/VFS_T900-768x576.jpg 768w, https:\/\/netstories.de\/wp-content\/uploads\/2018\/04\/VFS_T900-1024x768.jpg 1024w, https:\/\/netstories.de\/wp-content\/uploads\/2018\/04\/VFS_T900-830x623.jpg 830w, https:\/\/netstories.de\/wp-content\/uploads\/2018\/04\/VFS_T900-230x173.jpg 230w, https:\/\/netstories.de\/wp-content\/uploads\/2018\/04\/VFS_T900-350x263.jpg 350w, https:\/\/netstories.de\/wp-content\/uploads\/2018\/04\/VFS_T900-480x360.jpg 480w, https:\/\/netstories.de\/wp-content\/uploads\/2018\/04\/VFS_T900.jpg 1160w\" sizes=\"(max-width: 300px) 100vw, 300px\" \/><\/p>\n<hr>\n<p>Die Taschen:&nbsp;Vaude Taschen<\/p>\n<table style=\"width: 1119px;\">\n<tbody>\n<tr style=\"height: 24px;\">\n<td style=\"width: 260px; height: 24px;\">&nbsp;Vorne<\/td>\n<td style=\"width: 321px; height: 24px;\">&nbsp;Hinten (Seite)<\/td>\n<td style=\"width: 288px; height: 24px;\">&nbsp;Hinten (oben)<\/td>\n<td style=\"width: 230px; height: 24px;\">&nbsp;Lenkrad<\/td>\n<\/tr>\n<tr style=\"height: 99px;\">\n<td style=\"width: 260px; height: 99px;\">&nbsp;<img loading=\"lazy\" decoding=\"async\" class=\"alignnone size-medium wp-image-127\" src=\"http:\/\/netstories.de\/wp-content\/uploads\/2018\/04\/Vaude-Front-Pack-276x300.jpg\" alt=\"\" width=\"276\" height=\"300\" srcset=\"https:\/\/netstories.de\/wp-content\/uploads\/2018\/04\/Vaude-Front-Pack-276x300.jpg 276w, https:\/\/netstories.de\/wp-content\/uploads\/2018\/04\/Vaude-Front-Pack-768x833.jpg 768w, https:\/\/netstories.de\/wp-content\/uploads\/2018\/04\/Vaude-Front-Pack-944x1024.jpg 944w, https:\/\/netstories.de\/wp-content\/uploads\/2018\/04\/Vaude-Front-Pack-830x901.jpg 830w, https:\/\/netstories.de\/wp-content\/uploads\/2018\/04\/Vaude-Front-Pack-230x250.jpg 230w, https:\/\/netstories.de\/wp-content\/uploads\/2018\/04\/Vaude-Front-Pack-350x380.jpg 350w, https:\/\/netstories.de\/wp-content\/uploads\/2018\/04\/Vaude-Front-Pack-480x521.jpg 480w, https:\/\/netstories.de\/wp-content\/uploads\/2018\/04\/Vaude-Front-Pack.jpg 1200w\" sizes=\"(max-width: 276px) 100vw, 276px\" \/><\/td>\n<td style=\"width: 321px; height: 99px;\">&nbsp;<img loading=\"lazy\" decoding=\"async\" class=\"alignnone size-medium wp-image-128\" src=\"http:\/\/netstories.de\/wp-content\/uploads\/2018\/04\/Vaude-Backpack-300x272.jpg\" alt=\"\" width=\"300\" height=\"272\" srcset=\"https:\/\/netstories.de\/wp-content\/uploads\/2018\/04\/Vaude-Backpack-300x272.jpg 300w, https:\/\/netstories.de\/wp-content\/uploads\/2018\/04\/Vaude-Backpack-768x696.jpg 768w, https:\/\/netstories.de\/wp-content\/uploads\/2018\/04\/Vaude-Backpack-1024x927.jpg 1024w, https:\/\/netstories.de\/wp-content\/uploads\/2018\/04\/Vaude-Backpack-830x752.jpg 830w, https:\/\/netstories.de\/wp-content\/uploads\/2018\/04\/Vaude-Backpack-230x208.jpg 230w, https:\/\/netstories.de\/wp-content\/uploads\/2018\/04\/Vaude-Backpack-350x317.jpg 350w, https:\/\/netstories.de\/wp-content\/uploads\/2018\/04\/Vaude-Backpack-480x435.jpg 480w, https:\/\/netstories.de\/wp-content\/uploads\/2018\/04\/Vaude-Backpack.jpg 1325w\" sizes=\"(max-width: 300px) 100vw, 300px\" \/><\/td>\n<td style=\"width: 288px; height: 99px;\">&nbsp;<img loading=\"lazy\" decoding=\"async\" class=\"alignnone size-medium wp-image-129\" src=\"http:\/\/netstories.de\/wp-content\/uploads\/2018\/04\/Vaude-Topcase-PL-300x231.jpg\" alt=\"\" width=\"300\" height=\"231\" srcset=\"https:\/\/netstories.de\/wp-content\/uploads\/2018\/04\/Vaude-Topcase-PL-300x231.jpg 300w, https:\/\/netstories.de\/wp-content\/uploads\/2018\/04\/Vaude-Topcase-PL-768x591.jpg 768w, https:\/\/netstories.de\/wp-content\/uploads\/2018\/04\/Vaude-Topcase-PL-1024x788.jpg 1024w, https:\/\/netstories.de\/wp-content\/uploads\/2018\/04\/Vaude-Topcase-PL-830x639.jpg 830w, https:\/\/netstories.de\/wp-content\/uploads\/2018\/04\/Vaude-Topcase-PL-230x177.jpg 230w, https:\/\/netstories.de\/wp-content\/uploads\/2018\/04\/Vaude-Topcase-PL-350x269.jpg 350w, https:\/\/netstories.de\/wp-content\/uploads\/2018\/04\/Vaude-Topcase-PL-480x369.jpg 480w\" sizes=\"(max-width: 300px) 100vw, 300px\" \/><\/td>\n<td style=\"width: 230px; height: 99px;\"><img loading=\"lazy\" decoding=\"async\" class=\"alignnone size-full wp-image-905\" src=\"https:\/\/netstories.de\/wp-content\/uploads\/2020\/02\/Gr\u00fcne_Vaude_Aqua_Box.png\" alt=\"\" width=\"458\" height=\"329\" srcset=\"https:\/\/netstories.de\/wp-content\/uploads\/2020\/02\/Gr\u00fcne_Vaude_Aqua_Box.png 458w, https:\/\/netstories.de\/wp-content\/uploads\/2020\/02\/Gr\u00fcne_Vaude_Aqua_Box-300x216.png 300w, https:\/\/netstories.de\/wp-content\/uploads\/2020\/02\/Gr\u00fcne_Vaude_Aqua_Box-84x60.png 84w\" sizes=\"(max-width: 458px) 100vw, 458px\" \/><\/td>\n<\/tr>\n<\/tbody>\n<\/table>\n<hr>\n<p>Technisches Equipment:&nbsp;Actioncam<\/p>\n<p><img loading=\"lazy\" decoding=\"async\" class=\"alignnone size-medium wp-image-130\" src=\"http:\/\/netstories.de\/wp-content\/uploads\/2018\/04\/Action-Cam-4k-I5-7-300x300.jpg\" alt=\"\" width=\"300\" height=\"300\" srcset=\"https:\/\/netstories.de\/wp-content\/uploads\/2018\/04\/Action-Cam-4k-I5-7-300x300.jpg 300w, https:\/\/netstories.de\/wp-content\/uploads\/2018\/04\/Action-Cam-4k-I5-7-150x150.jpg 150w, https:\/\/netstories.de\/wp-content\/uploads\/2018\/04\/Action-Cam-4k-I5-7-768x768.jpg 768w, https:\/\/netstories.de\/wp-content\/uploads\/2018\/04\/Action-Cam-4k-I5-7-830x830.jpg 830w, https:\/\/netstories.de\/wp-content\/uploads\/2018\/04\/Action-Cam-4k-I5-7-230x230.jpg 230w, https:\/\/netstories.de\/wp-content\/uploads\/2018\/04\/Action-Cam-4k-I5-7-350x350.jpg 350w, https:\/\/netstories.de\/wp-content\/uploads\/2018\/04\/Action-Cam-4k-I5-7-480x480.jpg 480w, https:\/\/netstories.de\/wp-content\/uploads\/2018\/04\/Action-Cam-4k-I5-7.jpg 1024w\" sizes=\"(max-width: 300px) 100vw, 300px\" \/><\/p>\n<hr>\n<p>Das Zelt:Tatonka Tunnelzelt Alaska 3.235<\/p>\n<p><img loading=\"lazy\" decoding=\"async\" class=\"alignnone size-medium wp-image-107\" src=\"http:\/\/netstories.de\/wp-content\/uploads\/2018\/04\/IMG_20170616_104827-300x222.jpg\" alt=\"\" width=\"300\" height=\"222\" srcset=\"https:\/\/netstories.de\/wp-content\/uploads\/2018\/04\/IMG_20170616_104827-300x222.jpg 300w, https:\/\/netstories.de\/wp-content\/uploads\/2018\/04\/IMG_20170616_104827-768x568.jpg 768w, https:\/\/netstories.de\/wp-content\/uploads\/2018\/04\/IMG_20170616_104827-1024x758.jpg 1024w, https:\/\/netstories.de\/wp-content\/uploads\/2018\/04\/IMG_20170616_104827-830x614.jpg 830w, https:\/\/netstories.de\/wp-content\/uploads\/2018\/04\/IMG_20170616_104827-230x170.jpg 230w, https:\/\/netstories.de\/wp-content\/uploads\/2018\/04\/IMG_20170616_104827-350x259.jpg 350w, https:\/\/netstories.de\/wp-content\/uploads\/2018\/04\/IMG_20170616_104827-480x355.jpg 480w\" sizes=\"(max-width: 300px) 100vw, 300px\" \/><\/p>\n<hr>\n<p>Die Isomatte: Frilufts Isomatte Kalla 5.0<\/p>\n<p><img loading=\"lazy\" decoding=\"async\" class=\"alignnone size-medium wp-image-106\" src=\"http:\/\/netstories.de\/wp-content\/uploads\/2018\/04\/kalla_50_frilufts-300x300.jpg\" alt=\"\" width=\"300\" height=\"300\" srcset=\"https:\/\/netstories.de\/wp-content\/uploads\/2018\/04\/kalla_50_frilufts-300x300.jpg 300w, https:\/\/netstories.de\/wp-content\/uploads\/2018\/04\/kalla_50_frilufts-150x150.jpg 150w, https:\/\/netstories.de\/wp-content\/uploads\/2018\/04\/kalla_50_frilufts-230x230.jpg 230w, https:\/\/netstories.de\/wp-content\/uploads\/2018\/04\/kalla_50_frilufts-350x350.jpg 350w, https:\/\/netstories.de\/wp-content\/uploads\/2018\/04\/kalla_50_frilufts-480x480.jpg 480w, https:\/\/netstories.de\/wp-content\/uploads\/2018\/04\/kalla_50_frilufts.jpg 600w\" sizes=\"(max-width: 300px) 100vw, 300px\" \/><\/p>\n<hr>\n<p>Der Schlafsack:&nbsp;Deuter Schlafsack Exosphere +2<\/p>\n<p><img loading=\"lazy\" decoding=\"async\" class=\"alignnone size-medium wp-image-105\" src=\"http:\/\/netstories.de\/wp-content\/uploads\/2018\/04\/exosphere_2_deuter-300x300.jpg\" alt=\"\" width=\"300\" height=\"300\" srcset=\"https:\/\/netstories.de\/wp-content\/uploads\/2018\/04\/exosphere_2_deuter-300x300.jpg 300w, https:\/\/netstories.de\/wp-content\/uploads\/2018\/04\/exosphere_2_deuter-150x150.jpg 150w, https:\/\/netstories.de\/wp-content\/uploads\/2018\/04\/exosphere_2_deuter-230x230.jpg 230w, https:\/\/netstories.de\/wp-content\/uploads\/2018\/04\/exosphere_2_deuter-350x350.jpg 350w, https:\/\/netstories.de\/wp-content\/uploads\/2018\/04\/exosphere_2_deuter-480x480.jpg 480w, https:\/\/netstories.de\/wp-content\/uploads\/2018\/04\/exosphere_2_deuter.jpg 600w\" sizes=\"(max-width: 300px) 100vw, 300px\" \/> <img loading=\"lazy\" decoding=\"async\" class=\"alignnone size-medium wp-image-104\" src=\"http:\/\/netstories.de\/wp-content\/uploads\/2018\/04\/H\u00fclle_exosphere_2_deuter-300x300.jpg\" alt=\"\" width=\"300\" height=\"300\" srcset=\"https:\/\/netstories.de\/wp-content\/uploads\/2018\/04\/H\u00fclle_exosphere_2_deuter-300x300.jpg 300w, https:\/\/netstories.de\/wp-content\/uploads\/2018\/04\/H\u00fclle_exosphere_2_deuter-150x150.jpg 150w, https:\/\/netstories.de\/wp-content\/uploads\/2018\/04\/H\u00fclle_exosphere_2_deuter-230x230.jpg 230w, https:\/\/netstories.de\/wp-content\/uploads\/2018\/04\/H\u00fclle_exosphere_2_deuter-350x350.jpg 350w, https:\/\/netstories.de\/wp-content\/uploads\/2018\/04\/H\u00fclle_exosphere_2_deuter-480x480.jpg 480w, https:\/\/netstories.de\/wp-content\/uploads\/2018\/04\/H\u00fclle_exosphere_2_deuter.jpg 600w\" sizes=\"(max-width: 300px) 100vw, 300px\" \/><\/p>\n","protected":false},"excerpt":{"rendered":"<p>Die R\u00e4der &nbsp;Mein Rose Bike &nbsp;Andrea&#8217;s VSF T900 Die Taschen:&nbsp;Vaude Taschen &nbsp;Vorne &nbsp;Hinten (Seite) &nbsp;Hinten (oben) &nbsp;Lenkrad &nbsp; &nbsp; &nbsp; Technisches Equipment:&nbsp;Actioncam Das Zelt:Tatonka Tunnelzelt Alaska 3.235 Die Isomatte: Frilufts Isomatte Kalla 5.0 Der Schlafsack:&nbsp;Deuter Schlafsack Exosphere +2 <a href=\"https:\/\/netstories.de\/Ostsee-Radtour-2018\/ausruestung\/\" class=\"more-link\"><span class=\"screen-reader-text\">Ausr\u00fcstung f\u00fcr unsere Radreise um die Ostsee 2018<\/span> weiterlesen<\/a><\/p>\n","protected":false},"author":1,"featured_media":0,"parent":0,"menu_order":0,"comment_status":"closed","ping_status":"closed","template":"","meta":{"ngg_post_thumbnail":0,"jetpack_post_was_ever_published":false,"footnotes":""},"tags":[],"aioseo_notices":[],"jetpack_shortlink":"https:\/\/wp.me\/P9MvVn-22","jetpack_sharing_enabled":true,"_links":{"self":[{"href":"https:\/\/netstories.de\/Ostsee-Radtour-2018\/wp-json\/wp\/v2\/pages\/126"}],"collection":[{"href":"https:\/\/netstories.de\/Ostsee-Radtour-2018\/wp-json\/wp\/v2\/pages"}],"about":[{"href":"https:\/\/netstories.de\/Ostsee-Radtour-2018\/wp-json\/wp\/v2\/types\/page"}],"author":[{"embeddable":true,"href":"https:\/\/netstories.de\/Ostsee-Radtour-2018\/wp-json\/wp\/v2\/users\/1"}],"replies":[{"embeddable":true,"href":"https:\/\/netstories.de\/Ostsee-Radtour-2018\/wp-json\/wp\/v2\/comments?post=126"}],"version-history":[{"count":18,"href":"https:\/\/netstories.de\/Ostsee-Radtour-2018\/wp-json\/wp\/v2\/pages\/126\/revisions"}],"predecessor-version":[{"id":906,"href":"https:\/\/netstories.de\/Ostsee-Radtour-2018\/wp-json\/wp\/v2\/pages\/126\/revisions\/906"}],"wp:attachment":[{"href":"https:\/\/netstories.de\/Ostsee-Radtour-2018\/wp-json\/wp\/v2\/media?parent=126"}],"wp:term":[{"taxonomy":"post_tag","embeddable":true,"href":"https:\/\/netstories.de\/Ostsee-Radtour-2018\/wp-json\/wp\/v2\/tags?post=126"}],"curies":[{"name":"wp","href":"https:\/\/api.w.org\/{rel}","templated":true}]}}